60 (base 7) to base 2
-1110101110100100010
Convert -21bbac (base 15) to base 10.
-1609137
What is -1720356 (base 8) in base 14?
-d02aa
Convert -3b360b (base 12) to base 4.
-3233122223
What is -1110111101010010000 (base 2) in base 9?
-826286
What is -11133300 (base 4) in base 16?
-57f0
832601 (base 10) to base 11
519600
792b2c (base 14) to base 10
4118196
51378 (base 9) to base 14
c49a
-10381e (base 15) to base 3
-1110012001202
Convert -42307 (base 11) to base 12.
-2b790
Convert 66083 (base 9) to base 5.
2400230
Convert 5720e1 (base 15) to base 12.
1486457
-28477 (base 10) to base 14
-a541
What is a7bb58 (base 12) in base 7?
31362665
What is -133493 (base 11) in base 4?
-303022101
Convert -122576 (base 8) to base 15.
-c846
-50784 (base 13) to base 3
-21022122220
What is 10234124 (base 8) in base 3?
11002121102122
-1013115 (base 10) to base 9
-1813653
18586 (base 11) to base 8
62604
What is -10210001211211 (base 3) in base 13?
-554584
What is -2101110 (base 3) in base 14?
-8c4
Convert -11445512 (base 6) to base 11.
-229654
What is -24246027 (base 9) in base 8?
-55125673
Convert -976ca5 (base 13) to base 16.
-36462d
What is 2352032 (base 9) in base 12?
515555
-373e52 (base 15) to base 4
-22011331130
Convert -e3b1 (base 16) to base 5.
-3331124
31125 (base 9) to base 3
1001010212
-5224501 (base 6) to base 8
-755065
Convert -22488337 (base 9) to base 6.
-1030044141
Convert -446346 (base 8) to base 13.
-5380a
What is 2e914 (base 15) in base 12?
73154
What is -450105555 (base 6) in base 5?
-4040032330
What is -10a12b (base 12) in base 5?
-32010131
852415 (base 11) to base 14
27751d
What is 5876819 (base 10) in base 4?
112122301103
77708 (base 12) to base 4
212220320
What is -2100102100012 (base 3) in base 11?
-782955
Convert -9d99e (base 15) to base 16.
-7a7aa
Convert -587063 (base 9) to base 4.
-1112021331
Convert -59ae52 (base 16) to base 15.
-7b1670
-3297726 (base 10) to base 15
-452186
Convert -35523442 (base 6) to base 14.
-21069c
What is -87128 (base 11) in base 15?
-2779b
What is -2d62 (base 14) in base 3?
-102010211
Convert 220002021111101 (base 3) to base 5.
11234040124
143442 (base 5) to base 2
1011111101010
What is 11a499 (base 12) in base 9?
477380
Convert 100623156 (base 7) to base 9.
12038240
Convert 2000110202 (base 3) to base 5.
2232320
102020221000 (base 3) to base 12
a8276
What is -5130757 (base 9) in base 16?
-29c1ac
What is -10058a (base 12) in base 7?
-2056603
-101202210 (base 3) to base 4
-1322223
4c44 (base 16) to base 8
46104
Convert -21100100102002 (base 3) to base 2.
-1110111001001001011110
-103342240 (base 5) to base 14
-b9c51
What is -111101001210010 (base 3) in base 5?
-3304404422
Convert -1671652 (base 8) to base 3.
-220210220111
What is -654932 (base 16) in base 15?
-8b1b9e
What is -2022112212120 (base 3) in base 2?
-100101100100101010100
15642471 (base 9) to base 13
180b743
What is 1a1af (base 16) in base 12?
51a67
25d5 (base 14) to base 16
19ff
724311 (base 9) to base 14
b2802
-456a9 (base 16) to base 11
-184691
-228725 (base 9) to base 10
-137642
Convert 2ba313 (base 12) to base 4.
2311200333
What is 9a41a (base 11) in base 5?
14124314
What is 3490a (base 13) in base 6?
2020242
-296868 (base 10) to base 15
-5ce63
1003 (base 12) to base 14
8b9
What is -514632 (base 8) in base 14?
-46150
-2030223 (base 6) to base 7
-553431
What is -12bacd3 (base 15) in base 14?
-1b16c4a
What is -4011123 (base 6) in base 16?
-2df1b
Convert -150505032 (base 6) to base 10.
-3119276
31a36 (base 12) to base 11
45171
Convert -111101011001011001101 (base 2) to base 11.
-1154598
Convert 684a (base 11) to base 2.
10001100110000
What is 10111010011110100001 (base 2) in base 9?
1383666
-81d17c (base 15) to base 4
-113202103302
335a9a (base 12) to base 11
50a287
What is 5402031 (base 9) in base 8?
13026047
Convert 362974 (base 10) to base 13.
c92a1
101e4e (base 16) to base 15
15cec4
Convert -10204324244 (base 5) to base 6.
-1015345154
What is 25ba453 (base 12) in base 5?
3402242033
Convert 215088 (base 9) to base 6.
2430212
120646414 (base 7) to base 4
130231003312
Convert -4880ad (base 14) to base 5.
-1113340404
217125 (base 12) to base 3
222221221102
What is -2210133001 (base 4) in base 3?
-1021020011221
-322611 (base 9) to base 15
-3be4d
a29069 (base 15) to base 13
17a64b3
Convert bb30 (base 14) to base 16.
7e7e
Convert 2603224 (base 7) to base 6.
11121301
Convert -126451 (base 9) to base 3.
-10220111201
-10401141 (base 5) to base 4
-112022230
-ed291 (base 16) to base 6
-32453133
What is 1021223301 (base 4) in base 16?
49af1
What is 1100000121000110 (base 3) in base 2?
1001001000001101110000000
6def6 (base 16) to base 14
ba15c
-11355071 (base 8) to base 11
-144486a
What is 2744a4 (base 11) in base 2?
1101001000110101111
Convert -303031230 (base 4) to base 13.
-74634
Convert 23123362 (base 8) to base 14.
94a9d8
-10011111111110000 (base 2) to base 15
-19404
-55a8 (base 12) to base 3
-111000102
Convert -6017848 (base 9) to base 13.
-880cac
101110001000000100 (base 2) to base 8
561004
-211121122201001 (base 3) to base 8
-55663521
What is 211021110 (base 4) in base 6?
3132220
What is -60047b (base 15) in base 3?
-22120112101122
What is -263520 (base 10) in base 2?
-1000000010101100000
Convert -2102202001 (base 3) to base 8.
-135466
Convert 1003626 (base 8) to base 13.
93284
841a0b (base 13) to base 12
104b39a
Convert -23302033 (base 4) to base 6.
-1011251
Convert -16041146 (base 7) to base 8.
-5676613
121222210222 (base 3) to base 9
558728
Convert -11100011101010001100 (base 2) to base 16.
-e3a8c
10150608 (base 9) to base 7
56303516
Convert 2d925b (base 15) to base 11.
1278819
311314124 (base 5) to base 15
1a31c9
-2491a06 (base 12) to base 6
-413222410
What is -28c96 (base 15) in base 13?
-4788c
What is 2021001121 (base 3) in base 13?
17350
Convert -61a44 (base 16) to base 5.
-100244230
Convert -20011311320 (base 4) to base 12.
-863588
-140248 (base 9) to base 3
-11100021122
What is -542032 (base 7) in base 15?
-1ce4d
What is -29d3de (base 15) in base 7?
-23106455
What is -951319 (base 10) in base 15?
-13bd14
Convert -88bca (base 15) to base 14.
-b4597
What is -9283 (base 15) in base 6?
-355140
21056621 (base 8) to base 6
240010333
What is -3222613 (base 7) in base 15?
-7b3bd
What is 2220211120120 (base 3) in base 12?
629bb0
-542510 (base 6) to base 13
-17451
Convert -301033310 (base 4) to base 7.
-1500044
Convert 145030 (base 13) to base 7.
4135462
Convert -111135362 (base 7) to base 15.
-8ce98e
What is 587888 (base 10) in base 9?
1085378
-1210011002 (base 3) to base 10
-35102
-6d3aac (base 14) to base 11
-2122487
What is -272314 (base 8) in base 5?
-11023221
-101000221221 (base 3) to base 13
-6bba8
Convert 3650034 (base 7) to base 14.
c1a8b
What is 641624 (base 11) in base 2?
11111010101110001001
Convert 2022101120220 (base 3) to base 2.
100101011110100100001
What is 5525021 (base 7) in base 9?
1244135
What is 213010113 (base 4) in base 8?
470427
Convert 176b25 (base 12) to base 8.
1430715
What is -4144b (base 14) in base 9?
-258642
What is -6101223 (base 7) in base 9?
-1321880
100100001111111 (base 2) to base 8
44177
Convert -329a4 (base 13) to base 10.
-91732
Convert 412ee (base 16) to base 12.
10a612
Convert -130033222 (base 4) to base 14.
-30238
Convert 728779 (base 10) to base 7.
6123502
What is 585036 (base 9) in base 4?
1111302303
-133255424 (base 6) to base 3
-12001021220221
What is 6348111 (base 9) in base 4?
30331211020
What is -85b90a (base 13) in base 3?
-12220110200121
Convert 533b1 (base 13) to base 14.
3c979
Convert 3026413 (base 7) to base 3.
200021211211
Convert 3703a (base 15) to base 14.
47d99
What is 404018 (base 10) in base 3?
202112012122
What is 1aaa5 (base 11) in base 14?
a952
Convert -111131410 (base 5) to base 9.
-825545
-17453461 (base 8) to base 11
-234059a
Convert -1011010010011001101000 (base 2) to base 8.
-13223150
22254105 (base 7) to base 12
790699
20212111102 (base 3) to base 12
6630b
What is -11110c8 (base 14) in base 16?
-7bba98
Convert -2a198b (base 14) to base 3.
-2202101211111
2452005 (base 7) to base 5
40041342
Convert -3403868 (base 9) to base 2.
-110111111100111001000
2996633 (base 10) to base 9
5566542
What is 1001000100100111101 (base 2) in base 7?
2345461
What is -1898a1 (base 15) in base 13?
-32b90